 prime factors of b.
2, 37
Let l = -36 + 33. Let u be 1 + 0 - (-1 + 1). What are the prime factors of 10/(1/l + u)?
3, 5
Let o = 1 - -3. Suppose o = x - 4. Suppose -x*i = -13*i + 80. What are the prime factors of i?
2
Suppose -6*s = -101 - 367. List the prime factors of s.
2, 3, 13
Suppose y = 2*y - 34. Let v = 9 - 2. Suppose -3*p + f = -y, 2*p + 4*f - v = 3*p. List the prime factors of p.
13
Let a = -2 - 8. List the prime factors of (22/(-5))/(2/a).
2, 11
Let k(u) be the first derivative of -u**3/3 + 5*u**2/2 + 2*u + 3. Let p be k(5). Suppose -p*d - 5 = -3*d. What are the prime factors of d?
5
Let o = 38 - 14. Let r be 102/o - 1/4. Suppose w - 35 = -r*w. What are the prime factors of w?
7
Let u(h) = 2*h - 7. Suppose -3*a = -7*a + 140. Let q be 30/4*42/a. What are the prime factors of u(q)?
11
Let r be (-4)/10 + (-72)/(-5). Let k(u) = -u**2 - 6*u - 2. Let l be k(-4). Suppose r = 2*n - l. What are the prime factors of n?
2, 5
Suppose 2*j + 9 = 5*j. Let c(w) = -8*w + 6*w**2 + w**3 + 0*w**j + 7 + w**2. List the prime factors of c(-8).
7
Let h(o) = 7*o + 1. Let x be h(2). Let k be ((-8)/(-12))/(12/162). Let i = x - k. What are the prime factors of i?
2, 3
Suppose -461 = 7*y - 1672. What are the prime factors of y?
173
List the prime factors of (-6)/(-3) + 15 - 4.
13
Let z = -45 - -110. What are the prime factors of z?
5, 13
Suppose 0 = f + 4*f. Let y be f/(1 - -1 - 1). What are the prime factors of (y - 8)/(0 + -1)?
2
Let z = 6 - 1. Suppose 4*t + z*d - 35 = 33, -4*t + d = -44. What are the prime factors of t?
2, 3
Let l = 4 - 3. Suppose 0 = -k - l + 4. List the prime factors of k.
3
Let g(k) = k**3 - 8*k**2 - 6*k - 12. Let i be g(9). Suppose i + 8 = j. What are the prime factors of j?
23
Suppose -4 - 1 = -d. Let g = -6 + d. What are the prime factors of (1 - g)*(-9)/(-2)?
3
Let o(c) be the second derivative of c**3/3 - c**2 + c. Let k(g) = 2*g - 12. Let q be k(9). What are the prime factors of o(q)?
2, 5
Let i(q) = -q + 12. Let o be i(7). Suppose -o*f = -f. Suppose 2*g + 12 = 3*g + 2*a, f = 3*a - 12. List the prime factors of g.
2
Let p(g) be the second derivative of g**4/6 + 4*g**3/3 - g**2/2 - 7*g. What are the prime factors of p(-6)?
23
Let y(i) = -i**2 - 8*i - 3. Let o be y(-5). Suppose -o = -l + 18. List the prime factors of ((-20)/25)/((-4)/l).
2, 3
What are the prime factors of 184 + -15 + 1*(-2)/1?
167
List the prime factors of 10/35 - (-225)/21.
11
What are the prime factors of ((-84)/(-15))/(-1 + (-12)/(-10))?
2, 7
Let q(k) be the first derivative of k**3/3 - 5*k**2/2 + 2*k + 1. Let m(u) = 2*u**2 - 2*u + 2. Let c be m(2). List the prime factors of q(c).
2
Let l(d) = 3*d + 4 + d - 3*d. Let p be l(-10). Let t = -4 - p. List the prime factors of t.
2
Suppose 171 = 2*w - 5. What are the prime factors of (-1)/(84/w + -1)?
2, 11
Let g(v) = 5*v**3 + 9*v**2 - 6*v - 17. Let z(o) = 4*o**3 + 9*o**2 - 6*o - 16. Let q(l) = -5*g(l) + 6*z(l). List the prime factors of q(8).
5
Let g(q) = -8*q**2 + 21*q**2 - 6*q**2 - 8*q - 5 - 5*q**2. Suppose 0*x - 3*x = -18. List the prime factors of g(x).
19
Suppose -4*j + 157 = 5*w, 3*w + 142 = 4*j + 5*w. What are the prime factors of j?
3, 11
Let a(v) = -v**3. Let n be 0 + (-1 + 2 - 0). Let r(x) = -2*x**3 - x**2 + 12. Let s(d) = n*r(d) - 3*a(d). What are the prime factors of s(0)?
2, 3
List the prime factors of (177/4)/(66/88).
59
Suppose -184 = -4*y + 3*z, -y + 3*z + 46 = 7*z. Let p = y - 79. What are the prime factors of (-6)/p + 93/33?
3
Let k(b) be the third derivative of 1/3*b**4 - 1/2*b**3 + 1/15*b**5 - b**2 - 1/120*b**6 + 0*b + 0. List the prime factors of k(5).
2, 3
Let h(i) = 51*i**3 - 2*i**2 + i. Let w be h(1). Let a be (-42)/(-5)*w/15. Let l = a + -15. What are the prime factors of l?
13
List the prime factors of (7 + 4 + 4)*244/10.
2, 3, 61
Let g(m) = m + 14. Let q = 3 + -9. Let v be g(q). Suppose -t + v = 3*t. List the prime factors of t.
2
Let g(l) = -l**3 + 11*l**2 + 13*l. Let s be g(12). What are the prime factors of (0 - -8)*30/s?
2, 5
Let u(v) = 17*v**2 + v - 9. What are the prime factors of u(-3)?
3, 47
List the prime factors of 7/14*(3 - -515).
7, 37
What are the prime factors of 60/(-120)*((-1)/(-1) - 457)?
2, 3, 19
Suppose -3*a = -4*a + 2. Suppose 0 = 5*w - a - 8. Suppose 12 = g + w*g. List the prime factors of g.
2
List the prime factors of (0 - -5 - 1) + 189.
193
Suppose 2*o + 3*a = 3, 3*o - 5*a + 3 - 17 = 0. Suppose 6 = o*d - 6. Suppose 0*w - 8 = -d*w. List the prime factors of w.
2
Suppose 4 = -u - u. List the prime factors of 13 - (2/1 + u).
13
Let f(y) = -y**2 - 3*y + 2. Let u be f(-3). Suppose u*r = 5*g + 43 - 16, -5*r = g - 81. List the prime factors of r.
2
Let c(s) = 6*s**2 - 3*s + 28. Let r(o) = 4*o**2 - 2*o + 19. Let h(m) = 5*c(m) - 7*r(m). What are the prime factors of h(-3)?
2, 7
Let k(s) = s**3 + 13*s**2 - 15*s + 6. Let t = 26 - 40. What are the prime factors of k(t)?
2, 5
Let o(s) = s**2 + s - 2. Suppose 3*r + 8 + 7 = 0. List the prime factors of o(r).
2, 3
Let p(a) = -a**3 + 2*a**2 + 2*a - 1. Let x be p(2). Suppose x*b + b = 8. Suppose 3*f = -3*t + 9, -f + b*t = -4*f + 10. List the prime factors of f.
2
Let b = -24 - -28. Suppose 5*t - 5 = b*s, -3*t = -s - 1 - 9. List the prime factors of t.
5
Suppose 14 = 5*u - 3*c, -4*c = -3*u - u + 16. Let p(h) = 4*h**3 - 3*h**3 + 3*h + 6*h**2 + u - h**3 + h**3. List the prime factors of p(-3).
19
Let d = -5 + 1. What are the prime factors of d - (2 + -2 + -27)?
23
What are the prime factors of 3/18 + (-4)/24*-491?
2, 41
What are the prime factors of (212/12)/((-1)/(-3)) + 0?
53
Let u(o) be the third derivative of 3*o**5/20 - o**4/12 - o**3/6 + o**2. Let l be u(-1). Suppose 2*z - z = l. List the prime factors of z.
2, 5
Suppose 5*y + 0*y + 5*v = 30, 0 = y + 4*v - 15. Suppose 4*z = 2*n + 12, 4*z = z - 2*n + 2. List the prime factors of z/3 - (-34)/y.
2, 3
Suppose -5*a + 2*a = -204. List the prime factors of a.
2, 17
Let n(j) be the third derivative of j**7/1008 - j**6/120 + j**5/60 + 3*j**2. Let b(v) be the third derivative of n(v). What are the prime factors of b(5)?
19
Let x = 0 + 5. Let d(n) = -7*n**2 + x + 0 - n**3 - 1. What are the prime factors of d(-7)?
2
Let i(u) = -4*u + 14. List the prime factors of i(-7).
2, 3, 7
Let o = 41 - 10. Let x = 29 + o. List the prime factors of x.
2, 3, 5
Suppose -11 = 4*c + 3*q, 0*c = 4*c + q + 9. Let w be 2/c + 61*1. Suppose 0*l = -4*l + w. What are the prime factors of l?
3, 5
Let n = -1 + -13. List the prime factors of 4/n - (-240)/7.
2, 17
Suppose 0*j + 3*j = 0. Suppose -l + 6 + 7 = j. List the prime factors of l.
13
Let d be 6*1*2/6. Suppose 4*b - 4*z - 32 = b, -3 = 3*b + 3*z. List the prime factors of d/b*1*4.
2
Let l(d) = 43*d**3 - d**2 + 4*d - 2. What are the prime factors of l(1)?
2, 11
Let d(g) = g**3 - 7*g**2 - 21*g - 21. List the prime factors of d(10).
3, 23
What are the prime factors of (-22)/66 - (-188)/6?
31
Let p = 14 + -4. What are the prime factors of p?
2, 5
Suppose 12 = -3*y - 0. What are the prime factors of 100/6 - y/12?
17
Suppose 33*d - 455 = 26*d. What are the prime factors of d?
5, 13
Let n be -1*(0 - (-12 + 1)). Let h = -7 - n. Suppose h = x - 5. What are the prime factors of x?
3
Let p(f) = 2*f**2 - 6*f - 28. List the prime factors of p(8).
2, 13
What are the prime factors of ((-3)/(-2))/(4*(-3)/(-64))?
2
Let w(o) = o**2 + 6*o - 2. Let g be w(-6). What are the prime factors of (g + -3 - 2)*-1?
7
Let s(j) = -2*j - 2. Let i be s(-1). Suppose -19 = -4*t - 3*c, i*t + c + 7 = 2*t. Suppose t*f + 12 = 8*f. List the prime factors of f.
3
Let r(w) be the second derivative of w**4/12 + w**3/6 + 3*w**2 + 5*w. What are the prime factors of r(0)?
2, 3
Let r(u) = -u**3 - 3*u**2 - 2*u + 3. Let y = 5 - 8. List the prime factors of r(y).
3
Suppose -4*y + 39 = -77. Suppose 2*i + y = 3*i. Let v = i + -17. List the prime factors of v.
2, 3
List the prime factors of (-2 + 1)/((8/780)/(-2)).
3, 5, 13
Let p = -14 + -4. Let k(c) = 5*c - 3. Let f be k(6). Let z = f + p. List the prime factors of z.
3
Let t(m) = m**2 + 3*m + 3. What are the prime factors of t(-3)?
3
Suppose -3*y = 2*w + 1, -2*w + y + 4*y + 23 = 0. Suppose -2 - w = -i. What are the prime factors of (i/5)/((-3)/(-20))?
2
Suppose -2*j + 9 = -15. Let c be (140/j)/((-1)/(-3)). Let o = c + -25. List the prime factors of o.
2, 5
Let b = 